{"id":147,"date":"2023-06-04T17:05:39","date_gmt":"2023-06-04T15:05:39","guid":{"rendered":"https:\/\/sunblogbdsm.fr\/?page_id=147"},"modified":"2023-06-04T17:06:31","modified_gmt":"2023-06-04T15:06:31","slug":"27-minutes","status":"publish","type":"page","link":"https:\/\/sunblogbdsm.fr\/?page_id=147","title":{"rendered":"27 minutes"},"content":{"rendered":"<p dir=\"ltr\" style=\"line-height: 1.44; margin-top: 0pt; margin-bottom: 7pt;\">Il est difficile de ne pas aborder les punitions qui sont parties int\u00e9grantes de ces relations de pouvoirs, parfois constantes, parfois \u00e9ph\u00e9m\u00e8res.\u00a0<\/p>\n<p dir=\"ltr\" style=\"line-height: 1.44; margin-top: 0pt; margin-bottom: 7pt;\">Elles sont bien plus complexes qu&#8217;il n&#8217;y para\u00eet, il ne s&#8217;agit pas de punir un garnement en lui faisant recopier des lignes, bien que cela puisse parfois prendre cette forme.<\/p>\n<p dir=\"ltr\" style=\"line-height: 1.44; margin-top: 0pt; margin-bottom: 7pt;\">La question est la suivante, comment trouver une punition ad\u00e9quate ?. Vous ne pouvez punir un maso en lui infligeant la douleur, certains s\u00e9vices peuvent m\u00eame prendre la forme d&#8217;une r\u00e9compense. La soumise ou le soumis peut chercher la punition, l&#8217;imaginer, l&#8217;esp\u00e9rer, jouir de son attente, c&#8217;est \u00e0 la personne dominante d&#8217;analyser, et de construire une r\u00e9ponse ad\u00e9quate \u00e0 la faute.<\/p>\n<p dir=\"ltr\" style=\"line-height: 1.44; margin-top: 0pt; margin-bottom: 7pt;\">Il m&#8217;arrive parfois de chercher les punitions, je ne suis pas particuli\u00e8rement &#8220;Brat&#8221;, mais comme beaucoup de monde j&#8217;aime parfois jouer avec les limites. Je ne le fais pas particuli\u00e8rement finement, il faudrait que j&#8217;apprenne l&#8217;insolence courtoise, si tant est qu&#8217;elle existe. \u00c9videmment cette fois-ci, je n&#8217;ai pas \u00e9t\u00e9 d\u00e9licat dans mes bravades, qui ne sont pas tomb\u00e9es dans l&#8217;oreille d&#8217;une sourde,\u00a0j&#8217;ai sous-estim\u00e9 son imagination et me suis heurt\u00e9 \u00e0 un d\u00e9licieux sang-froid . Mes taquinement n&#8217;ont pas eu l&#8217;effet escompt\u00e9, il me semble que j&#8217;ai eu droit \u00e0 une r\u00e9ponse \u00e9crite pleine de bon sens.<\/p>\n<p dir=\"ltr\" style=\"line-height: 1.44; margin-top: 0pt; margin-bottom: 7pt;\">\u00ab\u00a0Je sais exactement ce que tu essayes de faire, tes provocations ne fonctionnent pas, tu seras effectivement puni mais pas d&#8217;une mani\u00e8re qui te pla\u00eet \u00bb<\/p>\n<p dir=\"ltr\" style=\"line-height: 1.44; margin-top: 0pt; margin-bottom: 7pt;\">C&#8217;est ce qui s&#8217;appelle se faire prendre \u00e0 son propre jeu, cela a effectivement calm\u00e9 mes ardeurs pour un temps, l&#8217;\u00e9p\u00e9e de Damocl\u00e8s me poussant \u00e0 une prudence accrue.\u00a0<\/p>\n<p dir=\"ltr\" style=\"line-height: 1.44; margin-top: 0pt; margin-bottom: 7pt;\">Quand on part avec un mauvais point c&#8217;est parfois excitant, surtout quand on est encore dans une phase de d\u00e9couverte de la personne en position de force. Est-elle s\u00e9v\u00e8re, si oui \u00e0 quel point ? Personnellement \u00e7a fait travailler mon cerveau, l&#8217;attente, et le questionnement, provoque un \u00e9moi et une excitation sans pareille.<\/p>\n<p dir=\"ltr\" style=\"line-height: 1.44; margin-top: 0pt; margin-bottom: 7pt;\">J&#8217;imagine qu&#8217;une fois la le\u00e7on apprise, le sentiment est diff\u00e9rent, et que la crainte peut prendre le pas sur le plaisir \u00e0 faire preuve d&#8217;insolence. Chaque relation a ses propres caract\u00e9ristiques, peut-\u00eatre que pour certains le mot punition rime avec frissons, et que pour d&#8217;autres une terreur sourde s\u2019empare de leur \u00eatre.<\/p>\n<p dir=\"ltr\" style=\"line-height: 1.44; margin-top: 0pt; margin-bottom: 7pt;\">Arrive le moment tant attendu, le d\u00e9nouement, la sentence, prononc\u00e9e de fa\u00e7on presque innocente.\u00a0<\/p>\n<p dir=\"ltr\" style=\"line-height: 1.44; margin-top: 0pt; margin-bottom: 7pt;\">Son visage grav\u00e9 d&#8217;un sourire ang\u00e9lique me regarde avec attention.\u00a0<\/p>\n<p dir=\"ltr\" style=\"line-height: 1.44; margin-top: 0pt; margin-bottom: 7pt;\">\u00ab\u00a0Il serait peut \u00eatre temps de songer \u00e0 ta punition ?\u00bb<\/p>\n<p dir=\"ltr\" style=\"line-height: 1.44; margin-top: 0pt; margin-bottom: 7pt;\">Je ne me souviens pas de ma r\u00e9ponse, je crois avoir prononc\u00e9 un oui simple, net et pr\u00e9cis, peut-\u00eatre timide, peut-\u00eatre enjou\u00e9.<\/p>\n<p dir=\"ltr\" style=\"line-height: 1.44; margin-top: 0pt; margin-bottom: 7pt;\">\u00ab La Ch\u00e9rie \u00bb prend ses cordes, j&#8217;adore quand elles les saisis, elle sait que j&#8217;appr\u00e9cie particuli\u00e8rement l&#8217;\u00e9treinte serr\u00e9e qu&#8217;elle appose \u00e0 ses fils.\u00a0<\/p>\n<p dir=\"ltr\" style=\"line-height: 1.44; margin-top: 0pt; margin-bottom: 7pt;\">La tournure des \u00e9v\u00e9nements est bien trop simple, j&#8217;attends la suite docilement, la curiosit\u00e9 prenant le pas sur le reste.<\/p>\n<p dir=\"ltr\" style=\"line-height: 1.44; margin-top: 0pt; margin-bottom: 7pt;\">Je savoure l&#8217;entr\u00e9e, un TK serr\u00e9 et appliqu\u00e9 efficacement, je fais m\u00eame l&#8217;effort de taire tout inconfort quant \u00e0 ma position \u00e0 genoux. Une fois satisfaite et toutes sensations de coupures \u00e9cart\u00e9es. Le man\u00e8ge suit son cours, mes jambes se retrouvent elles aussi entrav\u00e9es, chacune subit un minutieux appareillage, une fois repli\u00e9es sur elles-m\u00eames. Je me d\u00e9lecte des cordes enserrant ma peau, la sensation est unique, et je suis d\u00e9tendu tandis qu&#8217;elle me regarde concentr\u00e9e.<\/p>\n<p dir=\"ltr\" style=\"line-height: 1.44; margin-top: 0pt; margin-bottom: 7pt;\">Une corde passe plusieurs fois dans l&#8217;interstice de ma jambe gauche et la rel\u00e8ve dans une position plut\u00f4t inconfortable, je suis surpris face \u00e0 cette semi-suspension de ma jambe. Mon regard interrogateur croise celui de \u00ab La Tr\u00e8s Ch\u00e8re \u00bb, le dessert prend une tournure piquante, plut\u00f4t que mielleux, son expression amus\u00e9e \u00e9branle l\u00e9g\u00e8rement mon sourire.<\/p>\n<p dir=\"ltr\" style=\"line-height: 1.44; margin-top: 0pt; margin-bottom: 7pt;\">Ma jambe tendue me force \u00e0 m&#8217;appuyer sur mon bras droit, ainsi que mon \u00e9paule, l&#8217;inconfort est r\u00e9el tandis qu&#8217;elle fixe la corde \u00e0 la balustrade. Un autre lien dont j&#8217;ignorais l&#8217;utilit\u00e9 vient se fixer \u00e0 sa toile, rejoignant les hauteurs en appuyant le c\u00f4t\u00e9 de mon ventre.<\/p>\n<p dir=\"ltr\" style=\"line-height: 1.44; margin-top: 0pt; margin-bottom: 7pt;\">\u00ab C&#8217;est assez tendu pour toi?<\/p>\n<p dir=\"ltr\" style=\"line-height: 1.44; margin-top: 0pt; margin-bottom: 7pt;\">-Peut-\u00eatre trop<\/p>\n<p dir=\"ltr\" style=\"line-height: 1.44; margin-top: 0pt; margin-bottom: 7pt;\">-Oui en effet tu as raison \u00bb<\/p>\n<p dir=\"ltr\" style=\"line-height: 1.44; margin-top: 0pt; margin-bottom: 7pt;\">La pression se rel\u00e2che l\u00e9g\u00e8rement, apaisant mon inconfort sans pour autant le supprimer. Une fois la corde fix\u00e9e et s\u00e9curis\u00e9e, elle prend un petit temps pour admirer son \u0153uvre.<\/p>\n<p dir=\"ltr\" style=\"line-height: 1.44; margin-top: 0pt; margin-bottom: 7pt;\">\u00ab C&#8217;est parfait exactement comme je l&#8217;imaginais<\/p>\n<p dir=\"ltr\" style=\"line-height: 1.44; margin-top: 0pt; margin-bottom: 7pt;\">-Ravis que \u00e7a vous plaise Tr\u00e8s Ch\u00e8re<\/p>\n<p dir=\"ltr\" style=\"line-height: 1.44; margin-top: 0pt; margin-bottom: 7pt;\">-Et devine la suite, tu vas passer les 27 prochaines minutes dans cette position, sans aucune attention de ma part \u00bb<\/p>\n<p dir=\"ltr\" style=\"line-height: 1.44; margin-top: 0pt; margin-bottom: 7pt;\">Mon silence respectueux cl\u00f4t la discussion, tandis qu&#8217;elle s&#8217;allonge au bout du matelas, elle semble se concentrer sur une lecture inconnue. Peut-\u00eatre lit elle le blog que je lui ai conseill\u00e9, \u00e7a serait bien son genre de se d\u00e9lecter de passages excitants des m\u00e9saventures de Sophie, tandis que je pends telle une breloque d\u00e9corative. Je suis \u00e9chec et mat, certes la punition aurait pu \u00eatre plus cuisante, mais elle \u00e9tait tr\u00e8s intelligente. Divers moteurs de soumission sont intrins\u00e8ques \u00e0 chaque individu, ils nous poussent \u00e0 nous soumettre, l&#8217;un de ceux-ci est l&#8217;attention port\u00e9e au soumis.\u00a0<\/p>\n<p dir=\"ltr\" style=\"line-height: 1.44; margin-top: 0pt; margin-bottom: 7pt;\">En \u00e9tant priv\u00e9, j&#8217;adopte une posture docile, et t\u00e2che de m&#8217;occuper en silence. J&#8217;essaye tout d&#8217;abord d&#8217;\u00e9prouver la solidit\u00e9 de mes liens, c&#8217;est savoureux de tirer sur la corde sans en entamer la r\u00e9sistance, sans la sentir rel\u00e2cher sa morsure sur ma peau, l&#8217;excitation monte, mais si je continue, je risque de bouger l\u00e9g\u00e8rement et d&#8217;accentuer mon inconfort. Mon regard se porte alors sur &#8220;Celle qui murmure&#8221;, elle semble totalement absorb\u00e9e par sa lecture, j&#8217;en ferai presque une moue de d\u00e9pit, mais quel int\u00e9r\u00eat \u00e0 le faire si ce n&#8217;est lui prouver sa victoire. J&#8217;ai envie de l&#8217;appeler, presque de la taquiner, mais mon bon sens reprends le dessus, 27 minutes \u00e7a peut \u00eatre long et rien ne dit que la dur\u00e9e soit fig\u00e9 si je joue avec ses nerfs. Reprendre contenance, jouer avec ses liens, la fixer, fixer le plafond, sentir l&#8217;excitation, la laisser retomber. Je joue ainsi quelques minutes, elle reste silencieuse, je la regarde \u00e0 la d\u00e9rob\u00e9e parfois. Caresser ses jambes d&#8217;une vision envieuse, remonter ses courbes jusqu&#8217;\u00e0 son buste, humer presque l&#8217;odeur de ses cheveux, et m&#8217;attarder sur son expression absorb\u00e9e, comme si j&#8217;essayais de faire la court \u00e0 ses prunelles, amant rejet\u00e9 de celles-ci et condamn\u00e9 un temps \u00e0 l&#8217;oubli.<\/p>\n<p dir=\"ltr\" style=\"line-height: 1.44; margin-top: 0pt; margin-bottom: 7pt;\">Je n&#8217;ai pas acc\u00e8s \u00e0 la mesure du temps, j&#8217;ignore depuis combien de temps je suis exhib\u00e9 telle une marionnette, je m\u2019accommode de la situation cependant.<\/p>\n<p dir=\"ltr\" style=\"line-height: 1.44; margin-top: 0pt; margin-bottom: 7pt;\">Ma surprise est r\u00e9elle, quand \u00ab Celle qui encorde \u00bb quitte sa lecture pour se rapprocher de son jouet suspendu, elle saisit un jouet vibrant qu&#8217;elle place contre mon sexe sur\u00e9lev\u00e9, je n&#8217;esquisse pas un mouvement, je reste totalement immobile en sentant les vibrations se r\u00e9percuter sur toute ma verge, la sentant gonfler d&#8217;excitation.<\/p>\n<p dir=\"ltr\" style=\"line-height: 1.44; margin-top: 0pt; margin-bottom: 7pt;\">Je g\u00e9mis de plaisir, tandis qu&#8217;elle saisit un b\u00e2illon boule violet, une fois fix\u00e9 autour de ma bouche elle me pose la question suivante.<\/p>\n<p dir=\"ltr\" style=\"line-height: 1.44; margin-top: 0pt; margin-bottom: 7pt;\">\u00ab C&#8217;est bien confortable? \u00bb<\/p>\n<p dir=\"ltr\" style=\"line-height: 1.44; margin-top: 0pt; margin-bottom: 7pt;\">Je l\u00e8ve probablement les yeux au ciel, en balbutiant quelques mots d\u00e9form\u00e9s par le b\u00e2illon. Je songe \u00e0\u00a0 une petite pique pour lui r\u00e9pondre, avec ma langue je fais pression sur le b\u00e2illon pour l&#8217;extirper de ma bouche et lui r\u00e9pondre de vive voix. Je comptais lui dire que c&#8217;\u00e9tait de v\u00e9ritables vacances, mais sa main rapide appos\u00e9e contre ma bouche m&#8217;emp\u00eache de finaliser mon plan.<\/p>\n<p dir=\"ltr\" style=\"line-height: 1.44; margin-top: 0pt; margin-bottom: 7pt;\">Elle resserre d&#8217;un cran le b\u00e2illon et me faire comprendre que je n&#8217;ai pas int\u00e9r\u00eat \u00e0 r\u00e9it\u00e9rer la chose, j&#8217;hoche la t\u00eate un peu calm\u00e9 par son ton sec mais amus\u00e9.<\/p>\n<p dir=\"ltr\" style=\"line-height: 1.44; margin-top: 0pt; margin-bottom: 7pt;\">Amus\u00e9e ? Peut-\u00eatre \u00e9tait-ce la suite de ses manigances qui \u00e9tait \u00e0 l&#8217;origine de ce pli plaisant sur son visage. Elle ramasse les pinces t\u00e9tons qu&#8217;elle brandit fi\u00e8rement. Elle les fixe encore une fois avec pr\u00e9cision telle une chirurgienne du pincement, et les relie \u00e0 une corde pour accentuer la pression.<\/p>\n<p dir=\"ltr\" style=\"line-height: 1.44; margin-top: 0pt; margin-bottom: 7pt;\">Elle retourne \u00e0 ses occupations, tandis que je jongle avec un panel de sensations, les vibrations font monter mon plaisir, ce qui me donne envie de bouger m\u00eame inconsciemment, des petits spasmes de jouissances me font remuer dans les cordes. Si je me laisse aller \u00e0 des mouvements trop amples, les pinces resserrent la pression. J\u2019alterne entre ces deux sensations, respirant parfois dans mon b\u00e2illon, ce qui a pour effet de produire un sifflement l\u00e9ger. Je repositionne mes l\u00e8vres r\u00e9guli\u00e8rement afin de ne pas baver, et ferme mes yeux pour me concentrer sur les sensations. Les pinces deviennent douloureuses, je restreins mes mouvements, mon sexe reste en \u00e9rection face \u00e0 l\u2019assaillement de vibration, je tire sur mes cordes et g\u00e9mi de plaisir et de frustration. Je n\u2019ai plus le loisir de jeter des coups d&#8217;\u0153il \u00e0 la d\u00e9rob\u00e9e, j\u2019ignore si \u00ab La Ch\u00e9rie \u00bb savoure le spectacle.<\/p>\n<p dir=\"ltr\" style=\"line-height: 1.44; margin-top: 0pt; margin-bottom: 7pt;\">Un mouvement m\u2019indique qu\u2019elle est de nouveau pr\u00eat de moi, elle saisit l\u2019objet vibrant, v\u00e9rifie son bon positionnement, et augmente l\u2019intensit\u00e9 des vibrations. Je r\u00e2le de plaisir, et \u00e9prouve la solidit\u00e9 de mes cordes. Inutile de lutter, je me noie dans cet oc\u00e9an de sensation.\u00a0<\/p>\n<p dir=\"ltr\" style=\"line-height: 1.44; margin-top: 0pt; margin-bottom: 7pt;\">\u00ab Oh ! il y en a une qui est tomb\u00e9e ! \u00bb Son ton est enjou\u00e9, elle repique mon t\u00e9ton r\u00e9calcitrant apr\u00e8s l\u2019avoir pinc\u00e9 de son doigt. Il me semblait bien que la sensation \u00e9tait amoindrie, le picotement reprend coupl\u00e9 aux vibrations, la sensation est d\u00e9licieuse, mon cerveau m\u2019ordonne de jouir, je remue un peu plus et essaye de m\u2019apaiser.<\/p>\n<p dir=\"ltr\" style=\"line-height: 1.44; margin-top: 0pt; margin-bottom: 7pt;\">\u00ab La Ch\u00e9rie \u00bb se rapproche de moi et me demande si tout va bien, j\u2019hoche la t\u00eate, enfin esquisse un mouvement qui s\u2019en rapproche.<\/p>\n<p dir=\"ltr\" style=\"line-height: 1.44; margin-top: 0pt; margin-bottom: 7pt;\">Sa main approche de ma gorge et avec exp\u00e9rience elle pousse sur le haut de ma trach\u00e9e, j\u2019ai le souffle coup\u00e9, incapable d\u2019esquisser un mouvement, le sexe en \u00e9bullition, et des t\u00e9tons qui jouent aux montagnes russes.<\/p>\n<p dir=\"ltr\" style=\"line-height: 1.44; margin-top: 0pt; margin-bottom: 7pt;\">Mon regard se plonge ardemment dans le sien, elle analyse chaque trait de mon visage, la premi\u00e8re coupure est courte mais intense. Avant de reprendre cette fois-ci plus longuement, je gesticule, mon b\u00e2illon produit un son \u00e9trange face \u00e0 ma gorge qui qu\u00e9mande un peu de r\u00e9pit. Je me sens totalement vuln\u00e9rable, et chaque fois qu\u2019elle rel\u00e2che sa prise c\u2019est comme si mon excitation montait d\u2019un cran, chaque appel d\u2019air d\u00e9sormais compt\u00e9 me fait l\u2019effet d\u2019un effluve \u00e9rotique. Ce doux parfum de danger me submerge, je reste perdu dans ses prunelles sombres, les coupures se prolongent une ou deux fois. La boule en \u00e9tau dans mes l\u00e8vres complique l\u00e9g\u00e8rement mon souffle, et remue prise au pi\u00e8ge \u00e0 chaque d\u00e9licieux mouvement de protestation.<\/p>\n<p dir=\"ltr\" style=\"line-height: 1.44; margin-top: 0pt; margin-bottom: 7pt;\">\u00ab Celle qui murmure \u00bb semble satisfaite, et rel\u00e2che ma gorge, j\u2019aurais aim\u00e9 que \u00e7a dure plus longtemps, mais mon inexp\u00e9rience de ces jeux pousse \u00e0 la prudence. Il doit me rester une dizaine de minutes, \u00e0 patienter ainsi, son attention se porte ailleurs jusqu\u2019\u00e0 la fin de la punition. Je retourne \u00e0 ce monde entrem\u00eal\u00e9 de douceurs et de douleurs, en savoure chaque seconde, m\u2019impatiente, me soumet, gesticule, me fige, et g\u00e9mis pendant de longues secondes.<\/p>\n<p>\u00a0<\/p>\n<p dir=\"ltr\" style=\"line-height: 1.44; margin-top: 0pt; margin-bottom: 7pt;\">Vient alors le d\u00e9sencordage d\u00e9licat, et intense, mes muscles me font l\u00e9g\u00e8rement souffrir, et les \u00e9tirements salvateurs qu\u2019elle me prodigue me font serrer les dents. Je quitte ce monde de frustration et de plaisir, cet \u00e9tau agr\u00e9able et douloureux pour me blottir contre \u00ab La Ch\u00e9rie \u00bb . La punition est achev\u00e9e, mon insolence r\u00e9prim\u00e9e\u2026 du moins pour un temps<\/p>\n","protected":false},"excerpt":{"rendered":"<p>Il est difficile de ne pas aborder les punitions qui sont parties int\u00e9grantes de ces relations de pouvoirs, parfois constantes, parfois \u00e9ph\u00e9m\u00e8res.\u00a0 Elles sont bien plus complexes qu&#8217;il n&#8217;y para\u00eet, il ne s&#8217;agit pas de punir un garnement en lui faisant recopier des lignes, bien que cela puisse parfois prendre cette forme. La question est [&hellip;]<\/p>\n","protected":false},"author":1,"featured_media":0,"parent":0,"menu_order":0,"comment_status":"closed","ping_status":"closed","template":"","meta":{"footnotes":""},"class_list":["post-147","page","type-page","status-publish","hentry"],"aioseo_notices":[],"_links":{"self":[{"href":"https:\/\/sunblogbdsm.fr\/index.php?rest_route=\/wp\/v2\/pages\/147"}],"collection":[{"href":"https:\/\/sunblogbdsm.fr\/index.php?rest_route=\/wp\/v2\/pages"}],"about":[{"href":"https:\/\/sunblogbdsm.fr\/index.php?rest_route=\/wp\/v2\/types\/page"}],"author":[{"embeddable":true,"href":"https:\/\/sunblogbdsm.fr\/index.php?rest_route=\/wp\/v2\/users\/1"}],"replies":[{"embeddable":true,"href":"https:\/\/sunblogbdsm.fr\/index.php?rest_route=%2Fwp%2Fv2%2Fcomments&post=147"}],"version-history":[{"count":7,"href":"https:\/\/sunblogbdsm.fr\/index.php?rest_route=\/wp\/v2\/pages\/147\/revisions"}],"predecessor-version":[{"id":155,"href":"https:\/\/sunblogbdsm.fr\/index.php?rest_route=\/wp\/v2\/pages\/147\/revisions\/155"}],"wp:attachment":[{"href":"https:\/\/sunblogbdsm.fr\/index.php?rest_route=%2Fwp%2Fv2%2Fmedia&parent=147"}],"curies":[{"name":"wp","href":"https:\/\/api.w.org\/{rel}","templated":true}]}}